pose 5*b = -6777 + 6742, -b - 325452 = -5*n. Is n composite?
False
Let j be -1*(-9)/(-27)*21. Let d(x) = 52*x**2 + 4*x + 1. Is d(j) composite?
False
Suppose -803230 = -3*r + 5*m, 76*r - 2*m - 267743 = 75*r. Is r prime?
False
Is 2/12 + (26 - 95197986/(-108)) a composite number?
True
Let p(c) = 58*c + 6707. Is p(-60) prime?
False
Let q(l) = 174*l + 7. Let t be q(-2). Let u = 537 + t. Is (-1)/(7/(-2105)) + 56/u a composite number?
True
Is 20/80 + 1101978/4*(-75)/(-90) composite?
True
Let j(k) be the first derivative of 7*k**3/3 - 4*k**2 + 7*k + 4. Let a be 9 - (1 - (3 - 3)). Is j(a) prime?
False
Let r(m) = 260*m**2 + 6*m + 28. Let n be r(-8). Suppose -8*o - 2564 = -n. Is o prime?
False
Let x be 9/((-36)/596) - (2 - -2). Is 102/x + (-17825)/(-3) composite?
True
Suppose 19*s + 11784 = 22*s. Suppose 5*k - s = b, 7*k - 2*k - 3916 = -3*b. Suppose 5*r = -210 + k. Is r a composite number?
True
Let l = 597 + -602. Is (-165594)/(-24) + l/((-80)/(-12)) a composite number?
False
Let r = -1612379 - -2553420. Is r composite?
False
Let i(v) be the third derivative of v**4/24 - 5*v**3/3 - 30*v**2. Let q be i(9). Is q/((-3)/(-12)) + 331 a composite number?
True
Let n = 20028 + 37735. Is n composite?
True
Suppose 16*g = 56412 + 49188. Let h = g + -3839. Is h a composite number?
True
Is (-936)/(-1716) + (-8897201)/(-11) a composite number?
False
Let u be 8/(-60) - 321/(-45). Let g(b) = 2*b - 14. Let o be g(u). Suppose 2*j + 75 - 391 = o. Is j composite?
True
Is (-959748)/(-108) - 16/(-36) a prime number?
True
Let l = 18 + -10. Let s = 64 + -62. Is (-12)/l + 241/s a composite number?
True
Suppose 29*x - 9*x = 16*x + 88564. Is x a prime number?
False
Suppose 0 = 4*p + 28434 - 1866. Is p/(-3) - (-3 - 0) prime?
False
Let j(a) = 13*a - 63. Let q be j(6). Let o(s) = 368*s + 211. Is o(q) a prime number?
False
Let t(a) = 39*a**3 + 9*a**2 + a - 11. Let l = 79 + -73. Is t(l) a composite number?
True
Let n(w) = 32*w + 87. Let k be n(-3). Let z(l) = -298*l + 95. Is z(k) a composite number?
False
Let o(v) = -1535*v**2 + 3 + 6335*v**2 - 12*v - 16 + 3386*v**2. Let g(f) = -2047*f**2 + 3*f + 3. Let i(d) = -9*g(d) - 2*o(d). Is i(-1) a prime number?
True
Is ((-10)/100*25)/(1/2) + 45438 a prime number?
True
Let h = -85 + 36. Let f = h + 50. Is f*(-67)/(-4)*12 a composite number?
True
Let t be 1*(-5818)/(0 - 2). Suppose -2*i = 19*b - 22*b + t, -3*b + 4*i = -2917. Is b composite?
False
Let c(w) = -2*w**3 - 6*w**2 - 6*w - 16. Let i be c(-3). Suppose -4 = -2*o - 0, -i*o = -5*h + 8961. Is h a composite number?
True
Let l = 172 - 159. Suppose -l*v + 24498 = 5*v. Is v composite?
False
Let z be (2 - 5)*(-2)/6. Let d be z*5*(-12 + 11). Is 1/(d*(-2)/6490) a composite number?
True
Let l(i) be the first derivative of -9*i**4/4 - i**3 - 11*i**2 + 21*i - 6. Is l(-10) a composite number?
False
Suppose -4*x + 101 = 2*c - c, 4*c = -2*x + 40. Suppose -x*t = -31*t + 8455. Is -9 + 11 - (0 - t) composite?
False
Suppose 14*f = -0*f - 23968. Let t = -79 - f. Is t composite?
True
Let l(h) = -h - 7. Let o be l(7). Let j be 6 + (-88)/o - 2/7. Is (-50520)/(-32) - (-3)/j a prime number?
True
Suppose -20*v = -48*v + 2196712. Is v a prime number?
False
Let l be ((-56)/6 + -3)/((-2)/12). Suppose l*g + 4767 = 77*g. Is g prime?
False
Let o = 493502 + -79453. Is o a prime number?
True
Let a(o) = -387*o - 14. Let k be a(-12). Suppose 0 = -4*q - 4, q + k = 6*z - 3*z. Is z prime?
True
Suppose -3*k = 5*b - 89, -4*k - k = 4*b - 79. Let q = b - 34. Is (-2 + (-2841)/6)*12/q prime?
True
Let y = 1020 + -1722. Let m(s) = -s**3 + 7*s**2 + 4*s - 9. Let x be m(14). Let i = y - x. Is i prime?
False
Let u be -3 + 3 + 2/(4/8202). Suppose 8*t - 35811 = u. Suppose -3083 = -8*v + t. Is v composite?
False
Let f(v) = -3*v - 42. Let k be f(-13). Is (k - -130)/(7/77) a prime number?
False
Let m(f) = 219*f + 104. Let u(z) = z**2 - z - 103. Let s be u(-10). Is m(s) a prime number?
True
Let d(q) = q**2 + 3*q + 3. Let g be d(-4). Let t be -1*6*g/(-14)*1. Suppose t*j - 1768 = 6923. Is j a composite number?
False
Let s = 262396 + 85869. Is s prime?
False
Suppose 716*c - 720*c = 4*w - 208544, 4*c - 5*w - 208589 = 0. Is c composite?
True
Let k = -26 + 33. Suppose 11*m - 5080 = k*m. Suppose 5*z - m = -225. Is z a composite number?
True
Suppose 9*b - 392 = b. Suppose 4*x + q = 63, 2*x - 2*q - b = q. Suppose x*u - 2415 = 2*u. Is u a prime number?
False
Let y be 313/(4 - 3) - (-3 + 0). Is (y/8)/((-1)/(-10)) prime?
False
Let j be 10 - (9 + -5)*-1. Suppose j = 3*l - 40. Suppose -l*s + 21*s = 2091. Is s composite?
True
Let x(j) = -j - 8. Let d be x(-11). Suppose -3*z = z + c + 32, -d*c - 33 = 5*z. Is (6297/z - 0)/((-1)/3) composite?
False
Let a(c) = 2*c - 37. Let g be a(18). Is 1658 + g + -1 + 1 a composite number?
False
Suppose 14493*f = 14575*f - 22620602. Is f composite?
True
Let i(v) = -25339*v + 100. Is i(-1) a composite number?
False
Suppose -3*m + 3*w = -3564705, -2*m + 2421239 = -w + 44767. Is m a composite number?
True
Let o(f) = -3*f**2 - 19*f + 10. Let y be o(-6). Suppose w = -5*c + 1882 - y, 4*c + 2*w = 1494. Is c a prime number?
True
Let g(t) = 11*t - 328. Let q be g(30). Suppose -3*u - 16356 = -d, -8*d + q*u = -9*d + 16341. Is d prime?
False
Let m(g) = -g - 2. Let y be m(-4). Let a(x) = 5*x**y + x**3 + 9 + 10*x - 8*x**2 - 5*x**2. Is a(8) prime?
True
Suppose b + 4*g + 1 = 0, 5*b - 4*g - 72 + 29 = 0. Suppose -b*u + 92464 = 9*u. Is u a prime number?
True
Suppose p = -u + 85159, 5*u = -p + 2*u + 85159. Is p a prime number?
True
Let v(j) = -j**2 + 4*j + 11. Let k be v(6). Is -2*(111/(-6) - k) prime?
False
Suppose n - 7*n = 8*n - 2577386. Is n a composite number?
True
Let a(r) be the first derivative of 4*r**3/3 + 17*r**2/2 - 15*r + 30. Let t be a(10). Let f = t + 830. Is f prime?
False
Suppose 2*a - 1100 = 5*s, 0*s - 5*s - 1125 = 3*a. Let z = 962 + s. Is (z/6)/((-2)/(-3)) a prime number?
False
Let k(i) = -11095*i + 16. Is k(-1) a prime number?
False
Let m(d) = -8*d + 112. Let s be m(-27). Suppose s*w - 335*w = -113855. Is w prime?
False
Suppose 2*o + 125 = 33. Let v = o - -61. Suppose 0 = 2*c + c - 4*t - 378, 5*t = -v. Is c composite?
True
Let r be ((-1766)/4)/((-3)/6). Let z(a) = -a**2 - 5*a + 4. Let l be z(-5). Suppose -2799 + r = -l*m. Is m a prime number?
True
Suppose -25*o + 30*o - 65 = 0. Let k = -11 + o. Is (609 + 3 + 2)*k/2 prime?
False
Let a(k) = -1438*k - 407. Let g(o) = -o**2 + 39*o + 162. Let h be g(43). Is a(h) a composite number?
True
Let m = -1 - -12. Suppose m*x - 49281 + 3070 = 0. Is x composite?
False
Suppose 63904935 + 62700248 = 423*f - 92*f. Is f a prime number?
True
Let k(l) = -3*l + 28. Let n be k(6). Let b(a) = 4*a**2 + 10*a - 23. Let f be b(n). Is (2/(6/1))/(3/f) a composite number?
False
Let m(c) = 1356*c**2 - 1009*c + 9. Is m(-10) a composite number?
True
Let y(n) = 259*n + 39. Let z be (5/(-20)*2)/((-1)/4). Is y(z) prime?
True
Let y(o) = -27*o**3 + 6*o**2 - 5*o - 16. Let l be y(-5). Suppose -524*t + 530*t = l. Is t prime?
False
Let n(o) = 2*o**3 - 15*o**2 - 10*o - 5. Let z be (-80)/(-2)*(-27)/(-45). Let p be (z/7)/(20/70). Is n(p) prime?
True
Let a = 261 - 121. Suppose 3*g = a + 169. Suppose -4*v + 127 = 3*w, 2*w - g = -w + 2*v. Is w a prime number?
True
Is ((-1388)/(-1041) + (-2)/(-12))/((-6)/(-324284)) a prime number?
True
Let l = 51 + -28. Suppose 0 = -i - 50 + l. Is (-34527)/i - (0 + 2/(-9)) composite?
False
Suppose 311012 = 15*a - 143323. Is a composite?
True
Suppose 20*s + 111330 = 15*s. Suppose 2*p + 3*z - 11 = -38, -4*p - 2*z = 50. Is s/p + 3/2 a composite number?
True
Let d(s) = -s**3 - 3*s**2 - s + 5. Let w be d(-3). Let f(r) = -2 + 13*r**2 + r**3 + 0*r**2 + w*r + 8*r**2 - 3*r**2. Is f(-13) a prime number?
True
Let i(c) be the first derivative of 190*c**3/3 - c**2/2 + 2. Let l be ((-2)/4)/(((-22)/4)/(-11)). Is i(l) a prime number?
True
Suppose 5*v = -c - 3*c + 9, 0 = -v + 4*c + 21. Suppose -5*k - 20 = -5*a, a = 2*a - v*k. Suppose -4*n + 1925 = 3*z, a*z = 5*n - 649 - 1766. Is n a prime number?
False
Let z(d) = 4840*d**2 + 555*d + 3914. Is z(-7) prime?
False
Suppose -n + 37298 - 4697 + 5348 = 0. Is n composite?
True
Let i(l) = -l + 25. Let v be i(6). Suppose p - 461 = v. Suppose -1821 + p = -9*n. Is n prime?
True
Let d be 1/(-1) - (-10)/(0 + 10). Suppose -24*m + 20*m + 32687 = z, -3*m - 3*z + 24522 = d. I